?
2
Suppose 0 = 2*z + 10, -3*w - 2*z + 5*z - 30 = 0. What are the prime factors of ((-72)/(-15))/((-3)/w)?
2, 3
Suppose -3*n + 22 = 7. Suppose -f = f + 4*b - 10, 0 = 5*f + n*b - 25. What are the prime factors of f?
5
Let z(x) = x**2 + 0*x**2 - 2 - x + 5*x. What are the prime factors of z(-5)?
3
Let q(v) = -v**3 + 6*v**2 + 5*v + 3. Let x be q(7). Let m(w) = -w**2 - 10*w + 11. Let l be m(x). Suppose l = -9*n + 4*n + 60. What are the prime factors of n?
2, 3
Let p be 946/4 - (-4)/(-8). List the prime factors of (-6)/(-15) - p/(-10).
2, 3
Let i(f) = 9*f - 3. Let g be i(2). Suppose -5*p + g = -95. What are the prime factors of p/(-3)*(-3)/2?
11
Suppose 0 = -5*u - 5*p + 225, 138 = 3*u + 2*p - 0*p. Let m = u - 25. List the prime factors of m.
23
Let q = -17 + 2. List the prime factors of 1 + (-1)/(1/q).
2
Let o(h) = h**3 - 3*h**2 - 2*h + 3. Let g be o(3). Let c = g + 28. What are the prime factors of c?
5
Let i = 1 + 2. Suppose 0 = -3*o + 3*f, o + i*o - 15 = f. Suppose -2*j + 30 = 2*j - 2*d, -o*d = 3*j - 55. List the prime factors of j.
2, 5
Suppose -5*c + 5 = 5*m, 3*c + m + 17 = 8*c. Suppose 3*k + 4*f = 8 + 42, c*f = -5*k + 65. List the prime factors of k.
2, 5
Let l be 5/4*2*2. Suppose k = -k + 5*b + 13, -l*k + 61 = -3*b. List the prime factors of k.
2, 7
Suppose 3*z + 1 = -3*s + 25, -5*s - z = -20. List the prime factors of s - (-50)/(-2 - -4).
2, 7
Suppose 0*l + 2*f = -2*l + 14, -4*l = 2*f - 34. What are the prime factors of l?
2, 5
Let n(d) = 5*d**3 + d. Let s be n(1). Let f(l) = 2 - 4*l + 4*l**2 - 3*l**2 - 4. What are the prime factors of f(s)?
2, 5
Let b = 9 - -23. List the prime factors of b.
2
Suppose 3*i - 2*c + 176 = 2*c, -235 = 5*i + 5*c. Let b = -27 - i. What are the prime factors of b?
5
Let i(l) = l**3 + 8*l**2 - 8*l + 5. Let r be i(-9). List the prime factors of r/(-1)*(-7)/(-4).
7
Let a = 6 - 3. Suppose q + a*q = 52. List the prime factors of q.
13
Let y(j) = 73*j - 4. List the prime factors of y(2).
2, 71
Let d(n) = 6*n - 3. What are the prime factors of d(8)?
3, 5
Let k(d) = -12*d + 5 + 18*d - 15*d. List the prime factors of k(-2).
23
Let t be 3 + (3 - 11) - 3. Let v be (12/t)/((-2)/4). Suppose 3*l + l = v*x - 27, 4*l = -12. List the prime factors of x.
5
Let y = 4 - 3. Let b be -3 - (y + -2)*2. Let n(r) = -8*r**3 + r**2 + r + 1. List the prime factors of n(b).
3
Suppose -4*u - q + 15 = 0, 2*u = 5*q - 10 + 1. Suppose -5*d - u = 12. What are the prime factors of d - (3 + 44/(-2))?
2
Suppose 47 = 3*n - 28. List the prime factors of n.
5
Let p = 2 - -8. Suppose x = 4*a - 11 - 7, -x = -2*a + 10. Let i = p + x. What are the prime factors of i?
2
Let l(x) = x**3 - 4*x**2 + 5*x - 4. Let z be l(3). Suppose 2*q + z = -4. Let s = 7 - q. What are the prime factors of s?
2, 5
Let i(j) = -j**3 - j**2 - 3*j - 1. Let g be i(-2). Suppose g - 57 = -4*x. List the prime factors of (10/4)/(3/x).
2, 5
Let q(i) = 39*i - 46. List the prime factors of q(5).
149
Let u(r) be the third derivative of -r**5/60 + r**4/2 + 13*r**3/3 + 4*r**2. What are the prime factors of u(11)?
37
Let w(b) = -b**3 - 2*b**2 + 1. Let l be w(-1). Suppose 5*j + l*f - 2*f - 60 = 0, -j - 4*f + 34 = 0. What are the prime factors of j?
2, 7
Suppose -2*h + 10 = 3*h. Suppose 4*d - 104 = -4*y, d + 74 = 3*y + h*d. List the prime factors of y.
2, 3
Let i be (3 - 15/12)*4. Suppose -2*f = -i*f. Suppose f = o - 3*k - 26, -o - o + 3*k + 43 = 0. List the prime factors of o.
17
Suppose -8 = -0*x + 2*x. What are the prime factors of ((-7)/(-4))/((-1)/x)?
7
Suppose -3*j - 5*d - 13 = 12, 26 = -4*j - 3*d. Let z = -3 - j. List the prime factors of z.
2
Suppose -a - 5*s = -40, -3*s + s = 3*a - 120. List the prime factors of a.
2, 5
Let b(k) = -3*k**3 + 2*k**2 + 4*k - 1. Suppose 5*n + 2 = 12. Let t(v) = -2*v**3 + 3*v**2 + 5*v - 1. Let q(j) = n*t(j) - 3*b(j). List the prime factors of q(1).
2
Suppose -y - 2 - 2 = 0. Let v(q) = 4*q**2 + 3*q - 3. Let t be v(y). Suppose -4*m + a = -t, 5*m - a - 61 = -0*a. What are the prime factors of m?
2, 3
Suppose 3*n = 7 + 2. Suppose 44 = n*r - r. List the prime factors of r.
2, 11
Suppose -4*t - 390 = -9*t. Let u be (-8 - t)*(-1)/2. Suppose -3*p + u = -11. List the prime factors of p.
2, 3
Suppose -804 = -0*j - 6*j. List the prime factors of j.
2, 67
Let k be (0 - (-1)/3)*15. Let s = k - 7. Let a = s - -4. What are the prime factors of a?
2
Let b = -14 + 32. Suppose -h + 14 = -b. List the prime factors of h.
2
Suppose 39 = 2*p + p - 3*s, 5*s = 3*p - 43. Suppose -o + 5*a - 6*a + p = 0, 0 = -3*o + 4*a + 26. List the prime factors of o.
2, 5
Suppose 0 = -2*x - 0*n - n + 26, -5*n = 4*x - 58. Suppose -7*l + x = -5*l. What are the prime factors of l?
2, 3
Suppose -3 = 2*c - 3*c. Suppose -66 = -5*p + c*p. Suppose p = 3*z + k, 3*k + 8 = -1. What are the prime factors of z?
2, 3
Suppose 0 = -0*q - 4*q + 8. Suppose -q*u = -3*u. List the prime factors of 8/1 + (u - -2).
2, 5
Let b = 19 - 17. Suppose -b*c + 52 = 4*j, -3*c + c + 53 = 5*j. What are the prime factors of c?
2, 3
Suppose 4*f - 7 = 5. Suppose -f*u + 5*u = 28. What are the prime factors of u?
2, 7
Let k(i) = -i**2 - 5*i + 1. Let n be k(-4). Suppose 3*m + 6 = 0, 2*g - n*m - 19 = g. List the prime factors of g.
3
Let d(m) = 7*m**2 + 7*m - 10. Let p(w) = 4*w**2 + 4*w - 5. Let o(t) = 3*d(t) - 5*p(t). List the prime factors of o(-5).
3, 5
Let r be 1/(6 - 3)*-201. Let c = -47 - r. List the prime factors of c.
2, 5
Suppose -3*z - 25 - 5 = 0. Suppose 2*m + 0*m = -4*b - 12, 21 = -5*m - b. Let a = m - z. What are the prime factors of a?
2, 3
Suppose 2*f + 3*u = 61, -101 = -2*f + 4*u + u. What are the prime factors of f?
2, 19
Let p = 5 + -2. What are the prime factors of p?
3
Suppose 9 = 5*y - 16. Suppose -l + 6*l - 55 = 0. Suppose -4*v + 10 = w, -w - y*v = -2*v - l. List the prime factors of w.
2, 7
What are the prime factors of (-32 + 2)/6 - -112?
107
Suppose 75 = -5*q + 3*j, 16 = -q + 5*j + 1. Let p be 27 - 9/6*2. Let t = p + q. What are the prime factors of t?
3
Suppose j = -4*j + 35. Let q(t) = 6*t**2 - 6*t. Let a(g) = -7*g**2 + 6*g. Let w(l) = 5*a(l) + 6*q(l). List the prime factors of w(j).
7
List the prime factors of (-1)/1 + -9*(-111)/9.
2, 5, 11
Suppose -5*a - 5*y = 0, -3*y - 16 = -a - 0*a. What are the prime factors of a?
2
Suppose 0 = 2*c - 104 + 20. Let p = 88 - c. What are the prime factors of p?
2, 23
What are the prime factors of (-34)/((-5)/15*2)?
3, 17
Let j = 4 - 1. Let n be (15/6)/(j/6). Suppose -r = -n - 13. List the prime factors of r.
2, 3
Suppose -4*w - b = 4*b - 467, 110 = w - b. List the prime factors of w.
113
Let z be ((-12)/8)/((-6)/16). Suppose n = -z + 8. What are the prime factors of (n*-1)/(-1) - -2?
2, 3
Let v = 38 - 22. Suppose -5*m + v = -m. What are the prime factors of m?
2
Suppose -3*i - 96 = -5*i. What are the prime factors of i?
2, 3
Suppose 0 = i - 3*b - 3, 0*b = 2*i + 4*b - 6. Suppose 4*v = i + 13. List the prime factors of v.
2
Let d = 54 - 9. What are the prime factors of ((-16)/20)/((-2)/d)?
2, 3
Let t(p) = 6*p + 11. List the prime factors of t(5).
41
Suppose -2*g - 4*o + 16 = -0*o, -3*g = 2*o - 20. Let k = 16 - g. What are the prime factors of k?
2, 5
Suppose -3*m + 6 = -4*l, -4*m = -l - m - 6. Suppose -c - 15 = -l*c. Let f = 21 + c. List the prime factors of f.
2, 3
Let q(p) = -p**2 - 10*p - 7. Let d be q(-9). Suppose x + 44 = 3*v, 2*v - d*x = 35 - 3. List the prime factors of v.
2, 7
Let h(z) = -z**2 + 6*z - 5. Let b be h(5). Let j be -5 + b + 2/2. What are the prime factors of j/6 + 40/15?
2
Suppose -2*d = -3 - 7. Suppose 2*g = 5*s + 25, 2*s - 10 = -g + d*s. List the prime factors of g.
5
Let v(k) = 3*k - 1. Let o be v(1). Let w be 30*1 - o/(-2). Suppose 0 = -5*f + 5*a - 0*a + 40, -5*f - 4*a + w = 0. List the prime factors of f.
7
Suppose 4*o + o - 15 = 0. Suppose -o*r = -3*z - 13 + 46, 0 = -2*z - r + 10. What are the prime factors of z?
7
Suppose 0*i = -i - 6. Let u be (-11 - -4)*i/7. Let n = 11 - u. What are the prime factors of n?
5
Suppose -5 + 15 = 2*m. Let i(x) = x**2 + 5. List the prime factors of i(m).
2, 3, 5
List the prime factors of 1594/12 - (2 + 39/(-18)).
7, 19
Suppose 0*l = -5*s + 3*l + 144, -24 = -s - l. What are the prime factors of s?
3
Let a(c) be the third derivative of -5*c**4/24 + c**3 + c**2. Let o be a(-6). List the prime factors of (o/(-21))/((-3)/21).